{"id":45,"date":"2018-07-17T21:02:29","date_gmt":"2018-07-17T21:02:29","guid":{"rendered":"http:\/\/ronaldhild.de\/?page_id=45"},"modified":"2018-07-18T21:29:00","modified_gmt":"2018-07-18T21:29:00","slug":"kooperationsprojekte","status":"publish","type":"page","link":"https:\/\/ronaldhild.de\/?page_id=45","title":{"rendered":"Kooperationsprojekte"},"content":{"rendered":"<p><strong>&#8220;Wenn Sie einen Apfel haben und ich einen Apfel habe und wir diese \u00c4pfel dann austauschen, dann haben sie und ich immer noch beide einen Apfel. Aber wenn Sie eine Idee haben und ich eine Idee habe und wir diese Ideen austauschen, dann wird jeder von uns zwei Ideen haben.&#8221;<\/strong><\/p>\n<p>George Bernard Shaw (Literaturnobelpreistr\u00e4ger)<br \/>\n<\/br><br \/>\nDer Austausch \u00fcber Ideen und die Zusammenarbeit mit Partnern, die ihr Wissen, ihre Erfahrungen und Gedanken einbringen, ist meines Erachtens nicht nur unglaublich gewinnbringend sondern macht auch Spa\u00df. In manchen Gespr\u00e4chsrunden entsteht eine solche Dynamik, dass man in einer halben Stunde mehr Ans\u00e4tze und Ideen hat, auf die man allein in einem halben Jahr nicht gekommen w\u00e4re.<\/p>\n<p>Ich freue mich deshalb sehr, dass sich bereits einige langfristige Kooperationsprojekte und tolle Partnerschaften ergeben haben.  <\/p>\n<ul>\n<li><strong><a href=\"https:\/\/ronaldhild.de\/?page_id=74\">Textura<\/a><\/strong><\/li>\n<li><strong><a href=\"https:\/\/ronaldhild.de\/?page_id=68\">Creativ-e-motion<\/a><\/strong><\/li>\n<li><strong><a href=\"https:\/\/ronaldhild.de\/?page_id=34\">Beyond Horizon Games<\/a><\/strong><\/li>\n<li><strong><a href=\"https:\/\/ronaldhild.de\/?page_id=95\">Partner &#038; Freunde<\/a><\/strong><\/li>\n<\/ul>\n<p>Daneben arbeite ich mit mehreren Autoren in verschiedenen Einzelprojekten zusammen.<\/p>\n","protected":false},"excerpt":{"rendered":"<p>&#8220;Wenn Sie einen Apfel haben und ich einen Apfel habe und wir diese \u00c4pfel dann austauschen, dann haben sie und ich immer noch beide einen Apfel. Aber wenn Sie eine &#8230;<\/p>\n","protected":false},"author":1,"featured_media":61,"parent":0,"menu_order":0,"comment_status":"closed","ping_status":"closed","template":"","meta":{"footnotes":""},"class_list":["post-45","page","type-page","status-publish","has-post-thumbnail","hentry"],"_links":{"self":[{"href":"https:\/\/ronaldhild.de\/index.php?rest_route=\/wp\/v2\/pages\/45","targetHints":{"allow":["GET"]}}],"collection":[{"href":"https:\/\/ronaldhild.de\/index.php?rest_route=\/wp\/v2\/pages"}],"about":[{"href":"https:\/\/ronaldhild.de\/index.php?rest_route=\/wp\/v2\/types\/page"}],"author":[{"embeddable":true,"href":"https:\/\/ronaldhild.de\/index.php?rest_route=\/wp\/v2\/users\/1"}],"replies":[{"embeddable":true,"href":"https:\/\/ronaldhild.de\/index.php?rest_route=%2Fwp%2Fv2%2Fcomments&post=45"}],"version-history":[{"count":12,"href":"https:\/\/ronaldhild.de\/index.php?rest_route=\/wp\/v2\/pages\/45\/revisions"}],"predecessor-version":[{"id":149,"href":"https:\/\/ronaldhild.de\/index.php?rest_route=\/wp\/v2\/pages\/45\/revisions\/149"}],"wp:featuredmedia":[{"embeddable":true,"href":"https:\/\/ronaldhild.de\/index.php?rest_route=\/wp\/v2\/media\/61"}],"wp:attachment":[{"href":"https:\/\/ronaldhild.de\/index.php?rest_route=%2Fwp%2Fv2%2Fmedia&parent=45"}],"curies":[{"name":"wp","href":"https:\/\/api.w.org\/{rel}","templated":true}]}}