{"id":323,"date":"2018-09-08T11:45:52","date_gmt":"2018-09-08T11:45:52","guid":{"rendered":"http:\/\/ronaldhild.de\/?page_id=323"},"modified":"2020-12-08T18:37:19","modified_gmt":"2020-12-08T18:37:19","slug":"zok-zahl-oder-kopf","status":"publish","type":"page","link":"https:\/\/ronaldhild.de\/?page_id=323","title":{"rendered":"Trioplo"},"content":{"rendered":"<p><strong>Trioplo<\/strong> ist ein neues und besonderes Logik- und Zahlenr\u00e4tsel, das auf dem Spiel mit M\u00fcnzen basiert. Die Regeln sind denkbar einfach, die R\u00e4tsel k\u00f6nnen aber durchaus anspruchsvoll und knifflig werden.<\/p>\n<p><em><strong>Regeln<\/strong><\/em><\/p>\n<p>1. Den Spielern stehen M\u00fcnzen der Wertigkeit 1,2 und 5 zur Verf\u00fcgung.<br \/>\n2. Die M\u00fcnzen k\u00f6nnen mit Zahl oder Kopf nach oben platziert werden \u2013 Zahl bedeutet, der Wert wird zur Zeilen\/Spaltensumme addiert, Kopf bedeutet, der Wert wird nicht ber\u00fccksichtigt.<br \/>\n3. Es d\u00fcrfen keine M\u00fcnzen der gleichen Wertigkeit waagerecht oder senkrecht nebeneinander<br \/>\nliegen. Dabei ist es egal, ob die M\u00fcnzen Kopf oder Zahl zeigen.<br \/>\n4. Im R\u00e4tsel sind einige Summen (Zeile, Spalte) vorgegeben, die bei der L\u00f6sung helfen.<br \/>\n5. Hinweis: Kopfm\u00fcnzen werden mit einem Kreis dargestellt.<\/p>\n<p><img loading=\"lazy\" decoding=\"async\" class=\"aligncenter wp-image-327 size-medium\" src=\"https:\/\/ronaldhild.de\/wp-content\/uploads\/2018\/09\/Beispielbild_ZoK-300x293.jpg\" alt=\"\" width=\"300\" height=\"293\" srcset=\"https:\/\/ronaldhild.de\/wp-content\/uploads\/2018\/09\/Beispielbild_ZoK-300x293.jpg 300w, https:\/\/ronaldhild.de\/wp-content\/uploads\/2018\/09\/Beispielbild_ZoK.jpg 398w\" sizes=\"auto, (max-width: 300px) 100vw, 300px\" \/><\/p>\n<p>Wer Interesse hat, sich mal an den R\u00e4tseln zu probieren, kann sich hier einige <a href=\"https:\/\/ronaldhild.de\/wp-content\/uploads\/2018\/09\/ZoK_Testr\u00e4tsel.pdf\" target=\"_blank\" rel=\"noopener noreferrer\">Testr\u00e4tsel<\/a> in steigender Schwierigkeit herunterladen. Ich w\u00fcrde mich sehr \u00fcber eine R\u00fcckmeldung freuen.<\/p>\n<p><em><strong>Hintergrund und Geschichte<\/strong><\/em><\/p>\n<p>Die Idee zu diesem R\u00e4tsel hatte ich schon vor einer ganzen Weile. Ich habe dem Mathematiker und Spieleexperten Frank Rehm davon erz\u00e4hlt, der ein Programm geschrieben hat, um weitere R\u00e4tsel zu generieren. Aufgrund anderer Projekte haben wir ZoK allerdings zun\u00e4chst nicht weiterverfolgt.<\/p>\n<p>Einen neuen Impuls bekam das Projekt dann Mitte 2018, als ich im Rahmen eines Arbeitstreffens in Berlin Dr. Klaus-Peter Rudolph und G\u00fcnter Cornett von der Idee erz\u00e4hlte. Die beiden haben bereits das fantastische <a href=\"http:\/\/www.gurami-raetsel.de\/\" target=\"_blank\" rel=\"noopener noreferrer\">Gurami-R\u00e4tsel <\/a>entwickelt und umgesetzt und waren sofort von der Idee begeistert. Vor allem Klaus-Peter hat sich intensiv mit dem R\u00e4tsel besch\u00e4ftigt und die Ursprungsidee konzeptionell in wesentlichen Punkten erweitert und verfeinert. Klaus-Peter hat ebenfalls ein Programm entwickelt, welches die Erstellung weiterer R\u00e4tsel in verschiedenen Schwierigkeitsgraden erm\u00f6glicht. Gemeinsam haben wir dem R\u00e4tsel den Arbeitstitel ZoK &#8211; Zahl oder Kopf gegeben.<\/p>\n<p>In diesem Jahr ist es mir gelungen, zwei Partner f\u00fcr die Verbreitung bzw. Ver\u00f6ffentlichung des R\u00e4tsels zu finden. Der Schweizer <a href=\"https:\/\/www.kuengverlag.ch\/\">K\u00fcng Verlag<\/a>\u00a0 pr\u00e4sentiert das R\u00e4tsel unter dem Namen <em><strong>Trioplo<\/strong><\/em> in seiner R\u00e4tselzeitschrift <em>Mix Logik.\u00a0<\/em>Der Name Trioplo gef\u00e4llt mir so gut, dass er als allgemeiner Name f\u00fcr das R\u00e4tsel \u00fcbernommen wird.<\/p>\n<p>Die R\u00e4tselagentur <a href=\"https:\/\/www.raetselschmiede.de\/unsere-raetsel\/unsere-raetsel-fuer-erwachsene\/trioplo\/\">Die R\u00e4tselschmiede<\/a> hat Trioplo ebenfalls in ihr Portfolio aufgenommen. Wir hoffen sehr, dass im kommenden Jahr in einigen Zeitschriften Trioplos zu finden sind. \ud83d\ude42<\/p>\n","protected":false},"excerpt":{"rendered":"<p>Trioplo ist ein neues und besonderes Logik- und Zahlenr\u00e4tsel, das auf dem Spiel mit M\u00fcnzen basiert. Die Regeln sind denkbar einfach, die R\u00e4tsel k\u00f6nnen aber durchaus anspruchsvoll und knifflig werden. &#8230;<\/p>\n","protected":false},"author":1,"featured_media":324,"parent":0,"menu_order":0,"comment_status":"closed","ping_status":"closed","template":"","meta":{"footnotes":""},"class_list":["post-323","page","type-page","status-publish","has-post-thumbnail","hentry"],"_links":{"self":[{"href":"https:\/\/ronaldhild.de\/index.php?rest_route=\/wp\/v2\/pages\/323","targetHints":{"allow":["GET"]}}],"collection":[{"href":"https:\/\/ronaldhild.de\/index.php?rest_route=\/wp\/v2\/pages"}],"about":[{"href":"https:\/\/ronaldhild.de\/index.php?rest_route=\/wp\/v2\/types\/page"}],"author":[{"embeddable":true,"href":"https:\/\/ronaldhild.de\/index.php?rest_route=\/wp\/v2\/users\/1"}],"replies":[{"embeddable":true,"href":"https:\/\/ronaldhild.de\/index.php?rest_route=%2Fwp%2Fv2%2Fcomments&post=323"}],"version-history":[{"count":5,"href":"https:\/\/ronaldhild.de\/index.php?rest_route=\/wp\/v2\/pages\/323\/revisions"}],"predecessor-version":[{"id":422,"href":"https:\/\/ronaldhild.de\/index.php?rest_route=\/wp\/v2\/pages\/323\/revisions\/422"}],"wp:featuredmedia":[{"embeddable":true,"href":"https:\/\/ronaldhild.de\/index.php?rest_route=\/wp\/v2\/media\/324"}],"wp:attachment":[{"href":"https:\/\/ronaldhild.de\/index.php?rest_route=%2Fwp%2Fv2%2Fmedia&parent=323"}],"curies":[{"name":"wp","href":"https:\/\/api.w.org\/{rel}","templated":true}]}}